{"id":44,"date":"2016-06-05T14:39:31","date_gmt":"2016-06-05T14:39:31","guid":{"rendered":"http:\/\/www.eyscargo.com\/?page_id=44"},"modified":"2016-06-05T16:40:22","modified_gmt":"2016-06-05T16:40:22","slug":"clientes","status":"publish","type":"page","link":"https:\/\/www.eyscargo.com\/index.php\/clientes\/","title":{"rendered":"CLIENTES"},"content":{"rendered":"<h2><\/h2>\n<p>Para E &amp; S CARGO S.A.C.,\u00a0los clientes son la gran apuesta de valor, el verdadero aval de la compa\u00f1\u00eda y la mayor garant\u00eda de continuidad. Por este motivo, les agradecemos la confianza que nos han brindado durante toda nuestra trayectoria, un apoyo que ha permitido que seamos una empresa consolidada y con gran proyecci\u00f3n de futuro<\/p>\n","protected":false},"excerpt":{"rendered":"<p>Para E &amp; S CARGO S.A.C.,\u00a0los clientes son la gran apuesta de valor, el verdadero aval de la compa\u00f1\u00eda y la mayor garant\u00eda de continuidad. Por este motivo, les agradecemos la confianza que nos han brindado durante toda nuestra trayectoria, un apoyo que ha permitido que seamos una empresa consolidada y con gran proyecci\u00f3n de &hellip; <a href=\"https:\/\/www.eyscargo.com\/index.php\/clientes\/\" class=\"more-link\">Continuar leyendo<span class=\"screen-reader-text\"> \u00abCLIENTES\u00bb<\/span><\/a><\/p>\n","protected":false},"author":1,"featured_media":0,"parent":0,"menu_order":0,"comment_status":"closed","ping_status":"closed","template":"","meta":{"footnotes":""},"class_list":["post-44","page","type-page","status-publish","hentry"],"_links":{"self":[{"href":"https:\/\/www.eyscargo.com\/index.php\/wp-json\/wp\/v2\/pages\/44","targetHints":{"allow":["GET"]}}],"collection":[{"href":"https:\/\/www.eyscargo.com\/index.php\/wp-json\/wp\/v2\/pages"}],"about":[{"href":"https:\/\/www.eyscargo.com\/index.php\/wp-json\/wp\/v2\/types\/page"}],"author":[{"embeddable":true,"href":"https:\/\/www.eyscargo.com\/index.php\/wp-json\/wp\/v2\/users\/1"}],"replies":[{"embeddable":true,"href":"https:\/\/www.eyscargo.com\/index.php\/wp-json\/wp\/v2\/comments?post=44"}],"version-history":[{"count":3,"href":"https:\/\/www.eyscargo.com\/index.php\/wp-json\/wp\/v2\/pages\/44\/revisions"}],"predecessor-version":[{"id":78,"href":"https:\/\/www.eyscargo.com\/index.php\/wp-json\/wp\/v2\/pages\/44\/revisions\/78"}],"wp:attachment":[{"href":"https:\/\/www.eyscargo.com\/index.php\/wp-json\/wp\/v2\/media?parent=44"}],"curies":[{"name":"wp","href":"https:\/\/api.w.org\/{rel}","templated":true}]}}